is -64 - 137?
-19b
In base 7, what is -62423 + 13?
-62410
In base 4, what is 1 + 21301030?
21301031
In base 7, what is 1246 + 65?
1344
In base 4, what is 101 - -2221?
2322
In base 9, what is 4721282 + 5?
4721287
In base 11, what is -1080 + -730?
-1800
In base 9, what is 5405 + -2487?
2807
In base 4, what is -21 + -1111312?
-1111333
In base 7, what is -225445 - -1?
-225444
In base 11, what is 3 - 6613?
-6610
In base 3, what is -100102 - -21111001?
21010122
In base 15, what is -334e - 16?
-3365
In base 11, what is 17083 - 59?
17025
In base 14, what is 4 + -3301?
-32db
In base 13, what is -120 + -a8b?
-bab
In base 5, what is 2123113 + 2?
2123120
In base 7, what is -44 + 2025?
1651
In base 7, what is -16 + -641215?
-641234
In base 9, what is 7 - 642364?
-642356
In base 13, what is 5c042 - -5?
5c047
In base 13, what is -1337 + c3?
-1244
In base 2, what is 110101111000 + 110001?
110110101001
In base 13, what is 7 - 21877?
-21870
In base 13, what is -31a7c + 5?
-31a77
In base 9, what is -120505 - 6?
-120512
In base 10, what is -7 - 8476?
-8483
In base 6, what is 12 + -33015?
-33003
In base 6, what is -225 - -215?
-10
In base 5, what is 232143 - -204?
232402
In base 16, what is 26a61 - 1?
26a60
In base 13, what is -2466 + -29a?
-2733
In base 2, what is -100111111000111 + -1000000?
-101000000000111
In base 7, what is -21523 - -5?
-21515
In base 8, what is 252 - 23664?
-23412
In base 6, what is 15 + -13555?
-13540
In base 9, what is 84088 + -10?
84078
In base 11, what is -2523 - -13?
-2510
In base 11, what is 8 + -609997?
-60998a
In base 2, what is 100000010011100100 + 10?
100000010011100110
In base 5, what is 3 + -3243422?
-3243414
In base 10, what is -1347 - -24?
-1323
In base 13, what is 4b2 + -22?
490
In base 4, what is 1032 + 233030?
300122
In base 10, what is -2762 - 22?
-2784
In base 2, what is -100 - -1000001011010?
1000001010110
In base 14, what is 17 + -cc3?
-caa
In base 7, what is -1 + 1226521?
1226520
In base 15, what is -15b04 - 1?
-15b05
In base 5, what is -33040233 - 0?
-33040233
In base 6, what is 12234430 + 23?
12234453
In base 13, what is 1 + 356?
357
In base 10, what is 513722 + 5?
513727
In base 10, what is -47 + -1070?
-1117
In base 13, what is -143 - 452?
-595
In base 9, what is -41 - 7156?
-7207
In base 15, what is 94a5c - 5?
94a57
In base 16, what is d7 + 2b0d?
2be4
In base 8, what is -6 + 4272540?
4272532
In base 4, what is -11010 - 1000?
-12010
In base 6, what is -2 + 312120?
312114
In base 11, what is -44914a1 + 4?
-4491498
In base 12, what is 4b - 37297?
-37248
In base 4, what is -3300 + -13013?
-22313
In base 3, what is 100 - -12221?
20021
In base 16, what is -11 + 4574?
4563
In base 16, what is 2104f + 2?
21051
In base 11, what is -28824 + -4?
-28828
In base 5, what is -2131 - 2122?
-4303
In base 7, what is 5552 + 4?
5556
In base 9, what is -8302553 + 4?
-8302548
In base 2, what is 1100011 + -1010010011100111?
-1010010010000100
In base 12, what is -1 - 1467?
-1468
In base 9, what is 12 - 24100?
-24077
In base 16, what is -4 + -8e17?
-8e1b
In base 13, what is 2a - -10a77?
10aa4
In base 14, what is -cc + -1792?
-1880
In base 15, what is -93 - -2b08?
2a65
In base 7, what is -6351444 - 0?
-6351444
In base 5, what is -10 - -3433?
3423
In base 8, what is -5 + -4104?
-4111
In base 2, what is 111101010 - 1011011?
110001111
In base 5, what is 411 - -404023?
404434
In base 10, what is -5267 + -75?
-5342
In base 12, what is -63b51b + -2?
-63b521
In base 2, what is 10011100111110011 + 100?
10011100111110111
In base 13, what is 257 + -1370?
-1116
In base 13, what is 5c51 + 23?
5c74
In base 13, what is a - -1cc8a?
1cc97
In base 16, what is -19cd45 - -4?
-19cd41
In base 14, what is -ad1 + 6?
-ac9
In base 12, what is -40 + a95?
a55
In base 8, what is 2244737 + 1?
2244740
In base 2, what is -100 + -10100001011010010?
-10100001011010110
In base 4, what is 112220221302 - 3?
112220221233
In base 12, what is -7 - 64a4?
-64ab
In base 6, what is 5122 - -220?
5342
In base 16, what is -1c - -26be?
26a2
In base 6, what is 441 + -1313?
-432
In base 8, what is -4 + -14056?
-14062
In base 13, what is 13069 + -5?
13064
In base 16, what is -1 + 98fc?
98fb
In base 13, what is -1c4 + -4c1?
-6b5
In base 11, what is -28a - -670?
391
In base 13, what is -4387 - -4?
-4383
In base 7, what is -10526 + -5?
-10534
In base 3, what is -12 - -1221021?
1221002
In base 7, what is 3 + -1146326?
-1146323
In base 8, what is 165 - 61073?
-60706
In base 10, what is 2936 + 76?
3012
In base 3, what is 111100120020 - -12?
111100120102
In base 10, what is 4430 + 234?
4664
In base 12, what is -139 - -2b2?
175
In base 3, what is -20012022112 - 11?
-20012022200
In base 4, what is -3 - -1112033002?
1112032333
In base 4, what is -102 - -301122?
301020
In base 9, what is -75 + 2446?
2361
In base 4, what is -1131023 + 1002?
-1130021
In base 6, what is -1055000 + 0?
-1055000
In base 14, what is 6b3d + 5?
6b44
In base 14, what is -6a5 + -82?
-747
In base 13, what is 5489 - -10?
5499
In base 15, what is 1e7d - -42?
1ec0
In base 3, what is -20000200100021 - -10?
-20000200100011
In base 14, what is -2 - -4681?
467d
In base 10, what is -168872 - 0?
-168872
In base 15, what is -4 - 3b9e?
-3ba3
In base 3, what is 100 + -12110020?
-12102220
In base 2, what is 110110110011011101 - 1?
110110110011011100
In base 11, what is -3 - 1143a4?
-1143a7
In base 13, what is 0 + 15791?
15791
In base 11, what is 34 - 2a5?
-271
In base 15, what is -416 - 107?
-51d
In base 13, what is 4 - 481b37?
-481b33
In base 3, what is 1201011 + 1122202?
10100220
In base 5, what is 10010124 + -4?
10010120
In base 3, what is -120200 - 212?
-121112
In base 4, what is 331 + -30212320?
-30211323
In base 8, what is 37 - -3073?
3132
In base 11, what is 1246 + -95?
1161
In base 13, what is -1 - -a83a?
a839
In base 13, what is 6378 - -7?
6382
In base 11, what is 486 - -11?
497
In base 12, what is -39098 - 2?
-3909a
In base 4, what is -32032 - -2?
-32030
In base 11, what is 941 + 109?
a4a
In base 4, what is 3 - -123113120?
123113123
In base 9, what is 0 + -2664?
-2664
In base 15, what is 523 - -8c?
5b0
In base 16, what is -1198 + 13?
-1185
In base 5, what is 4 + -42200?
-42141
In base 9, what is 351 - -2888?
3350
In base 10, what is 5778 + -16?
5762
In base 15, what is d - 1549?
-153b
In base 2, what is 1000101001001011 - 1101?
1000101000111110
In base 10, what is 301 + 4684?
4985
In base 9, what is -2 + 10025?
10023
In base 8, what is -5 - 1315414?
-1315421
In base 5, what is -322132 + -221?
-322403
In base 3, what is 22102211020 + -11?
22102211002
In base 5, what is -113110 - 11?
-113121
In base 6, what is 544 - -24233?
25221
In base 3, what is -2120 + 202020?
122200
In base 12, what is -b3 - -857?
764
In base 10, what is 230 + -60?
170
In base 10, what is -9208 + 25?
-9183
In base 3, what is -110 + -10020222101?
-10020222211
In base 3, what is 1120 - 1120101112?
-1120022222
In base 14, what is 67c + -290?
3cc
In base 4, what is 0 + 3301333?
3301333
In base 7, what is 1232503 - -5?
1232511
In base 4, what is -13212103 - -1?
-13212102
In base 6, what is -21155234 - 4?
-21155242
In base 8, what is 4 + 7064?
7070
In base 3, what is -121201 - -2002?
-112122
In base 5, what is -2143031 + 20?
-2143011
In base 8, what is 370075 + 3?
370100
In base 9, what is -486 - 637?
-1234
In base 12, what is 5099b - 7?
50994
In base 13, what is -2c - -562?
533
In base 15, what is -10c - 867?
-974
In base 3, what is 200201202 - 21?
200201111
In base 12, what is -284188 - -2?
-284186
In base 16, what is 32 + 6e00?
6e32
In base 16, what is -15cf + -6?
-15d5
In base 7, what is -333136 - 10?
-333146
In base 16, what is -15177 - -c?
-1516b
In base 5, what is 24332 - -2?
24334
In base 10, what is -2 - 1183916?
-1183918
In base 3, what is -10000 - -1021?
-1202
In base 10, what is 124 - -148?
272
In base 16, what is -1 - -cd141?
cd140
In base 16, what is 1 + -114e?
-114d
In base 12, what is 33041a - 0?
33041a
In base 6, what is -25014 - -102?
-24512
In base 8, what is 3 - 650434?
-650431
In base 14, what is 15a + -65?
d5
In base 15, what is 4 - -210b?
2110
In base 6, what is -112135 + 52?
-112043
In base 2, what is -1100111110 - 111?
-1101000101
In base 4, what is 1301233 + -1133?
1300100
In base 7, what is -251 + -12154?
-12435
In base 8, what is 34031